st common divisor of s and 8.
1
Let m(a) = a**2 + 6*a - 3. Let c(p) = p. Let s(r) = 5*c(r) - m(r). Let y be s(-2). Calculate the highest common factor of y and 11.
1
Let s = 4 - 6. Let y(w) = -7. Let b(u) = u - 6. Let v(x) = -7*b(x) + 6*y(x). Let q be v(s). What is the greatest common factor of q and 35?
7
Let s(m) = 3*m - 10 - 2*m + 2*m**2 - 8*m - 4*m. Let n be s(10). Calculate the highest common divisor of 8 and n.
8
Suppose 3*p - 306 = p. Suppose 0 = -4*r + 5*n + 53, 1 = -r + 3*n + 9. Calculate the highest common factor of p and r.
17
Suppose -56 - 18 = x. Let t = -102 + 206. Let m = x + t. Calculate the greatest common factor of 6 and m.
6
Let m(c) = 2*c**2 - 12*c - 40. Let g be m(10). What is the greatest common divisor of g and 440?
40
Let y(x) = 10*x**2 - 5*x - 4. Let n(o) = 51*o**2 - 26*o - 20. Let f(l) = -2*n(l) + 11*y(l). Let b be f(4). What is the highest common divisor of b and 16?
16
Let u be (-6)/4*(-3 + 1). Suppose 0 = -2*d - 5*n + 31, 2*d + n = -0*n + 11. Calculate the highest common factor of u and d.
3
Let j(w) = w**3 + 3*w**2 - 10*w - 10. Let d be j(-4). What is the highest common factor of d and 35?
7
Let b = -2 + 6. Suppose -99 = -b*h + 2*h + c, 2*c - 6 = 0. Let x = h - 11. Calculate the highest common divisor of 5 and x.
5
Suppose 5*l + 58 = -3*g + 299, -2*l + 4 = 0. Calculate the highest common factor of 11 and g.
11
Let r(d) = d**3 - 5*d**2 + d - 7. Let i be r(5). Let s be 3/1 - (-1 - i). Suppose 0 = s*w - 8. Calculate the greatest common divisor of w and 6.
2
Let s(n) = 22*n - 5. Let c be s(-5). Let l = -24 - c. Calculate the greatest common divisor of l and 13.
13
Suppose -v = -3*v + 8. Suppose -24 + 4 = -v*a. What is the greatest common divisor of a and 5?
5
Suppose -2*c + 5*n + 87 = 0, n + 0 = 5. Suppose -4*h = -3*k + 73, c = k + 3*k + 5*h. Calculate the highest common factor of 209 and k.
19
Let p = 51 + -21. What is the highest common factor of p and 10?
10
Let m = -117 - -169. Calculate the highest common factor of 26 and m.
26
Let r(u) be the second derivative of u**4/6 + 5*u**3/3 - u**2 - 10*u. Let q be r(-7). Calculate the highest common divisor of 234 and q.
26
Let n(k) be the second derivative of k**4/12 + k**3/2 - 3*k**2/2 + 3*k. Let a be n(3). Calculate the highest common divisor of a and 10.
5
Let i be (3 + -12)*(-2 + 0). Let h be 4/i + (-804)/(-27). Calculate the greatest common divisor of 10 and h.
10
Let q = -7 - -14. Suppose -5*a = b - q, -7*b - 5*a - 65 = -2*b. Let m be (15/(-4))/(b/48). Calculate the highest common divisor of 50 and m.
10
Let i = 111 - -17. Suppose -4*f + 5*x + i = 0, -f + 0*x + 15 = 3*x. Calculate the highest common divisor of 18 and f.
9
Let o(q) = -8*q**3 - 2*q**2 - q. Let l be o(-1). Let t be -2*3/6 + (-4)/1. Let u = l + t. Calculate the highest common divisor of u and 4.
2
Suppose -f - 2 = -6. Suppose -2*o - 24 = -4*z, -f*o + 3 + 21 = z. Let m = -128 + 200. What is the greatest common divisor of m and z?
8
Let g = -129 - -241. What is the highest common divisor of 14 and g?
14
Let n be 1/(-3) - (-230)/6. Suppose -8*o + 3*o + 52 = c, -o = 5*c - 284. Calculate the greatest common divisor of c and n.
19
Let m(a) = 22*a**2 + 4*a. Let o be m(3). Calculate the greatest common divisor of 30 and o.
30
Suppose -2*a + 2*i = -44, 0*a + 2*a + i - 29 = 0. Calculate the highest common divisor of a and 119.
17
Let j(a) = 24*a**3 + 2*a**2 - 1. Let w be j(1). What is the highest common divisor of 75 and w?
25
Let l(w) = -169*w - 1. Let v be l(-3). Calculate the highest common factor of v and 46.
46
Suppose -3*m = 4*j - 84, 2*m = 3*m - 4. Let w be ((-2)/4 - 0)*-6. What is the greatest common factor of w and j?
3
Suppose 0 = 3*v - 0 - 12. Suppose -v*c - 73 + 253 = 0. What is the highest common divisor of c and 18?
9
Suppose -6*u + u + 375 = 0. What is the greatest common divisor of u and 15?
15
Let s = -3 + -1. Let p be 18/s*(-4)/6. Let u be p/(-2)*(-32)/3. Calculate the greatest common divisor of u and 4.
4
Let w = -15 - -35. Suppose 2*x = -2*x + 3*d + 15, -5*x + 5*d = -w. Suppose 4*o - 18 = 78. Calculate the greatest common factor of x and o.
3
Let c = -55 - -69. Calculate the greatest common divisor of c and 224.
14
Suppose 19 = 3*u + f, -4*u + 5*f = 4*f - 30. What is the greatest common factor of 63 and u?
7
Let p be (1 - 1/1)/2. Let h = p + 22. Let k be (-986)/(-18) - (-4)/18. Calculate the greatest common divisor of k and h.
11
Suppose -t + 40 = 5*p, -4*t + 4*p + 52 = -2*t. What is the greatest common divisor of t and 12?
6
Let g be (3/(-6) + 2)*8. Suppose 5*k = 3*k + g. Suppose -k - 22 = -2*j. What is the highest common factor of j and 70?
14
Let t be (-60)/32*2*-4. Calculate the greatest common divisor of 15 and t.
15
Let g be -1 - (5 - 2 - 1). Let s be g + -2 + 6 + 13. Let k be -112*1/((-2)/2). What is the greatest common divisor of k and s?
14
Suppose -b = 3 - 5. Suppose -b*h - 469 = -5*n, 83 = n - 5*h + h. Calculate the greatest common factor of n and 19.
19
Let p be (15/15)/((-1)/(-1)). Calculate the highest common factor of 11 and p.
1
Let y = 17 - -37. Calculate the greatest common divisor of 18 and y.
18
Let l = 4 - 3. Suppose 0 = 5*f - l - 9. Suppose 4*s - 232 = -0*r - f*r, -s = 3*r - 338. Calculate the highest common factor of 14 and r.
14
Let o be (5 - 3)*-1*-4. Suppose -5*z + 38 = 2*p, p = -5*z - o + 32. What is the highest common factor of p and 14?
14
Suppose 0 = -4*a + 286 + 26. Calculate the highest common divisor of a and 52.
26
Let o be (-12)/(-20) - (-223)/(-5). Let x = o - -116. Let n = 11 + 13. Calculate the highest common factor of n and x.
24
Suppose -7 - 2 = -2*a + 3*f, 0 = 2*f - 2. Calculate the greatest common divisor of 27 and a.
3
Suppose -u - 2 = -2*u. Suppose u*o + 2*c - 16 = 0, 0*o - 2*o + 12 = 4*c. Let x be ((-40)/(-4))/((-4)/(-10)). Calculate the highest common factor of x and o.
5
Let n be (48/5)/((-1)/(-5)). Let x = 0 - -5. Suppose 0 = 6*y - x*y - 12. Calculate the greatest common factor of y and n.
12
Let v(p) = 17*p. Let b be v(5). Suppose -b = -4*i + 5*h, -3*i + 0*i + 60 = -3*h. Calculate the highest common factor of i and 15.
15
Suppose 5*p = -5*n + 125, -5*n - 4*p + 2*p + 122 = 0. What is the highest common factor of n and 264?
24
Suppose -4*x + 4*y + 300 = 0, 0 = x - 6*x - 3*y + 335. Suppose 4*q = 2*q + x. What is the highest common divisor of q and 5?
5
Suppose 4*i = 2*t + 3*t + 6, -5*t - 2 = -3*i. Suppose -t*a + 3*b = 3*a - 65, 5*b = -25. What is the greatest common divisor of 110 and a?
10
Let d be 24/18 + 2/(-6). What is the greatest common factor of d and 2?
1
Let p = -105 + 114. Calculate the greatest common divisor of 9 and p.
9
Let d(j) = 3 - 4*j + 0 + 3*j. Let t = -12 + 5. Let k be d(t). Calculate the highest common factor of 4 and k.
2
Let s = -25 + 49. What is the highest common factor of 24 and s?
24
Let b = 74 - -11. Calculate the highest common factor of b and 17.
17
Let h be (-48)/10*(-10)/3. Let u be (-2)/(-4) + 360/h. What is the greatest common divisor of 46 and u?
23
Let w(h) be the third derivative of 7*h**6/120 - h**5/20 - 2*h**2. Let c = 6 - 4. Let u be w(c). What is the highest common factor of u and 4?
4
Let v(c) = 13*c - 32. Let a be v(10). What is the highest common divisor of 28 and a?
14
Suppose 1182 = 3*r + 5*f, -605 = -2*r + f + 196. Calculate the highest common divisor of r and 57.
57
Let o(i) = 7*i - i**2 + 2 - 13*i + 2*i**2. Let a be o(8). Suppose -5*w + 5*x - 3*x + 35 = 0, -16 = w - 5*x. What is the greatest common divisor of a and w?
9
Let u(j) = j**2 - 9*j - 87. Let r be u(16). What is the highest common factor of 25 and r?
25
Suppose 0 = l - 0 - 2. Suppose 0 = -3*t - l*t + 160. Calculate the highest common factor of t and 48.
16
Suppose 5*m + 12 - 412 = 0. What is the highest common factor of 16 and m?
16
Let d(w) = -w + 43. Let q be d(-13). Calculate the highest common divisor of q and 112.
56
Suppose -m = h - 4*h + 10, -3*m + 18 = 3*h. Calculate the greatest common factor of m and 10.
2
Suppose -5*y + u - 245 = 0, -5*u - 84 - 14 = 2*y. Let r = -27 - y. Calculate the greatest common factor of r and 55.
11
Suppose -2*d = -5*o - 987 - 123, 5*o + 2760 = 5*d. Calculate the highest common divisor of d and 55.
55
Let w be 41 - (3/3)/1. Let f be w/(-12)*(-6)/4. What is the highest common factor of f and 35?
5
Let 